t m(p) = p - 4. Let a be (-12)/(-8)*(-1 + 9). Determine m(a).
8
Suppose 8*u - 4*u = 3*t - 27, 4*u = -5*t + 77. Let c(b) = -2*b + 2*b - 11*b**2 + 3*b + t*b**2 + 1. Determine c(-3).
10
Let q(v) = -4*v - 4. Let w = -18 - -22. Suppose 4*i - s + w*s = 9, 4*s - 12 = -3*i. Suppose -g + i*g - 3 = 0. What is q(g)?
8
Suppose -2*n + 5*n + 2*w - 64 = 0, 8 = n - 2*w. Let x(b) = -2*b - n*b**3 - 1 + 0*b**2 + 4*b**2 + 16*b**3. What is x(2)?
-5
Let f(q) = 11*q**2 + 20*q - 15. Let w(k) = 7*k**2 + 13*k - 10. Let v(b) = 5*f(b) - 8*w(b). Calculate v(2).
-7
Let d(q) be the second derivative of -q**5/5 - 96*q. Let g = 19 - 10. Suppose -3*t + g = 3*i, t + 0*t + 5*i - 19 = 0. What is d(t)?
4
Let h be (18 - 0) + (0/(-1))/(-4). Suppose 0 = -3*a + 12 - 3. Suppose h = a*k - 6*k. Let m(q) = -q**3 - 7*q**2 - 7*q - 3. Calculate m(k).
3
Let j(g) = -3*g**3 - 26*g**2 + 13. Let f(d) = 2*d**3 + 17*d**2 - 8. Let z(b) = -7*f(b) - 5*j(b). What is z(-11)?
-9
Suppose -4*x - 4 = 0, -4*x = -3*i - 5 + 3. Let g = i - 3. Let q(s) = s**2 + 6*s + 6. Determine q(g).
1
Let m(c) = c**3 - 3*c**2 + 4*c - 4. Let z be m(3). Let d(x) = -17*x - z + 8*x + 10*x. What is d(11)?
3
Let a = 4 - 14. Let t be 66/a + (-6)/(-10). Let j be ((-3)/t)/(2/8). Let o(q) = -4*q + 3. Calculate o(j).
-5
Let d = -96 - -98. Let n(c) be the first derivative of -1 - 1/3*c**3 - d*c - 3*c**2. Calculate n(-6).
-2
Let i(s) be the third derivative of -s**5/120 + s**4/12 + s**3/3 + 2*s**2. Let x(f) be the first derivative of i(f). Let d = 591 - 595. Give x(d).
6
Let s(m) = -2*m + 7. Let r be s(-3). Let a = r + -12. Let t = -6 + a. Let n(k) = k**3 + 4*k**2 - 6*k - 6. Calculate n(t).
-1
Let z(l) be the first derivative of -l**3/3 - l**2/2 + l - 32. Determine z(1).
-1
Let n(r) = -15*r + 83. Let s be n(6). Let q(g) = g - 3. Calculate q(s).
-10
Let d(p) = 4*p**2 - p + 1. Let v(r) = r. Let m(l) = d(l) + v(l). Let g(h) = h**3 - 2*h**2 - 3*h - 1. Let c be g(3). Let o be ((3 + -4)*-1)/c. What is m(o)?
5
Let d = 363/2060 - 13/103. Let q(t) be the second derivative of 0*t**3 + 5/2*t**2 + 2*t + d*t**5 + 0 + 1/12*t**4. Calculate q(0).
5
Let k(d) = 3*d. Suppose -v + 0 = -2. Suppose -4 = -v*b + w - 2, -b = 3*w + 13. Determine k(b).
-3
Let f(c) be the third derivative of -7*c**6/720 + c**5/60 + 11*c**4/24 + 4*c**2. Let b(l) be the second derivative of f(l). Determine b(-2).
16
Suppose 0 = -4*y - x + 5*x + 4, -6 = -2*x. Suppose -y = -i, -3*k = 2*i - 4*i - 82. Let z be k/135 - 11/9. Let a(j) = 11*j**2 + 1. Determine a(z).
12
Let h(n) = -5*n - 36. Let k be h(-7). Let m(r) = 8*r - 1. Give m(k).
-9
Let z(h) = h**2 - 2*h + 2. Let q be z(0). Let v(f) = 9*f + 1 + 5 - 35*f**2 + 36*f**q. Give v(-6).
-12
Let h(y) = y**3 + 11*y**2 - 14*y - 2. Let k(n) = -n**3 - 12*n**2 + 15*n + 1. Let z(j) = 6*h(j) + 5*k(j). Calculate z(-7).
7
Let r(j) be the third derivative of j**4/24 - 5*j**3/6 - 7*j**2. Let z(o) = -3*o + 10. Let q(d) = -5*r(d) - 2*z(d). Give q(0).
5
Let t be (1/2*0)/2. Let s be -13 - -13 - (-3 + t). Suppose -3*d = -s*f + 6, -d - 4*f + 4 = -4. Let a(r) = -r**3 - r + 11. Give a(d).
11
Let q(h) = -3*h**3 - 34*h + 6*h**2 + 2*h**3 + 4 + 16*h + 17*h. Determine q(6).
-2
Let q(z) = z + 767 + 769 - 1545. Give q(14).
5
Let g(q) = q - 4. Suppose -2 = 11*f + 75. What is g(f)?
-11
Suppose -37*a = -43*a + 30. Let p(g) = -g**3 + 6*g**2 - 2*g - 1. Calculate p(a).
14
Let v(r) = 12*r + 0*r**3 + 4*r**2 - 10*r**2 + 16 + r**3 - 8*r**2 + 26*r**2. Let t(z) = 12*z**3 + 2*z**2 - 1. Let o be t(-1). Determine v(o).
5
Let d(r) be the first derivative of -r**7/840 - r**6/90 - r**5/60 + r**4/12 - 2*r**3 + 9. Let h(y) be the third derivative of d(y). What is h(-3)?
-1
Suppose -2*y = 5*b + 15, 4*y - 3*b + 12 = y. Let w be 1 + -2 + -3 + 10. Let l(v) = w - 4 - 3 - 2*v. Calculate l(y).
9
Suppose u - 4*j + 20 = 0, -2*u - 3*u + j - 5 = 0. Suppose 5*p - 5*x = 45 - u, 0 = 4*p - 5*x - 37. Let s(i) = -i**3 + 8*i**2 - i - 9. Determine s(p).
-17
Let v = -72 - -217/3. Let j(l) be the first derivative of -5*l - 2 + v*l**3 + 2*l**2. What is j(-5)?
0
Let p(g) be the first derivative of 12*g - 1/2*g**2 + 1/3*g**3 + 7. Calculate p(0).
12
Let q(i) be the third derivative of i**4/24 + i**3/3 + 26*i**2. Calculate q(-1).
1
Let p(m) = -2*m**3 + m**2 - m - 1. Let a(o) = 13*o**3 - o**2 + o - 3. Let n(z) = -a(z) - 6*p(z). Give n(-4).
-27
Let h = -4 + -5. Let p be 0 + (-4)/(12/h). Let w(y) = -2*y**3 + 3*y**2 + 4*y - 3. Determine w(p).
-18
Let h(b) = -20*b + 176. Let w be h(9). Let p(m) = -5*m. Determine p(w).
20
Let y(s) = -3*s**3 + s**2 - 1. Let z be y(1). Let j(t) = 4*t - 7*t - 24*t**2 + 2 + 22*t**2. Determine j(z).
-7
Let d(r) be the second derivative of 0*r - 2*r + 3*r - r**3. Let q(g) = -g**2 + 5*g - 7. Let o be q(3). Calculate d(o).
6
Suppose 2*m - 5*m - 9 = 0. Let t be 1/(3 + m - 1). Let w(d) = 4 + 14*d**2 - 7 + 2 - d + 0*d. What is w(t)?
14
Let f(i) be the third derivative of i**6/120 + i**5/20 - 5*i**4/24 + i**3 - 138*i**2. Determine f(-5).
-19
Let z(m) = m**2 + 15*m - 4. Let x(f) = -9*f - 24. Let o be x(-1). Determine z(o).
-4
Let n(s) be the third derivative of s**4/24 + 5*s**3/6 + s**2. Let o be (-8 - 4)/(-1) - (0 - -7). Determine n(o).
10
Let r(o) = -o**3 - 5*o**2 + 7*o - 3. Let p = 60 - 7. Let h = 47 - p. Calculate r(h).
-9
Let k(p) = -2 + 5323*p - 5324*p - 2*p**2 + 4. Determine k(4).
-34
Let x(i) = -15*i**2 + 13*i + 21. Let q = 14 + -1. Let t(w) = -7*w**2 + 6*w + 10. Let f(a) = q*t(a) - 6*x(a). What is f(-3)?
-5
Let f(l) = -7*l**2 - 12*l + 6. Let o(t) = -6*t**2 - 10*t + 5. Let g(v) = -5*f(v) + 6*o(v). Suppose -6 = -2*z - 2*h, -2*z - 35 = 3*z - 5*h. Calculate g(z).
-4
Let b be 4/(-18) + (-20)/(-9). Suppose -b*f + 2 = -f. Let p(v) be the first derivative of -5*v**2/2 + v - 9. Give p(f).
-9
Let j(w) = -w + 4 - 6 - 11*w - 2. Let x be j(-1). Let c(g) = g**3 - 9*g**2 + 10*g - 5. Determine c(x).
11
Let u(h) = 2*h**3 - 10*h**2 + 7*h + 4. Let t be (-6)/(-9)*-12*1/(-2). What is u(t)?
0
Suppose 11 = 4*n - 1. Let r(a) = -10 + 4*a**2 + 4*a**2 - 7*a + 9*a**3 - 10*a**n. What is r(7)?
-10
Let w(a) = a + 6. Let f be w(-3). Suppose 2*o + 0 = -8. Let p = f + o. Let y(n) = -3*n**3 + n**2 + n + 1. Give y(p).
4
Let r(k) = -6*k**2 + 14*k + 10. Let c(u) = u**2 - 2*u - 1. Let s(t) = 5*c(t) + r(t). Suppose 4*m + 3*y = -m + 31, 0 = 3*m + 4*y - 23. Give s(m).
0
Let v(o) = o + 2. Let d be v(6). Suppose x = 3*x - d. Let z(n) = -7*n - 1 + x*n**2 - 3*n**2 - 2 - 2*n**2. Determine z(-5).
7
Let h(g) = g**2 - g + 4. Let u = 764 - 764. Calculate h(u).
4
Let f(i) = -6*i - 18 + 7*i + 4*i - 6*i. Determine f(-14).
-4
Let w(x) = -x**2 + 5*x - 6. Suppose 7 = -5*t + 22. Suppose 5*a - 2*y = 33, -t*a + 1 + 6 = 2*y. What is w(a)?
-6
Let j(m) = -10*m**2 + m - 1. Let l = 37 - 30. Suppose -6*p + 24 = -2*p - 4*z, l = -3*p - 2*z. What is j(p)?
-10
Suppose 3*m + 6 = m + 4*z, -5*m = -3*z - 13. Let s(n) = n + 3*n + m - 6*n + n. Let y be -1*(-8 - (1 - 4)). Determine s(y).
0
Let g(n) = n**3 - 9*n**2 - 5*n + 5. Let i(y) = y**3 + y**2 + 2*y + 1. Let z(b) = -g(b) - i(b). What is z(4)?
6
Let r(s) = -5*s**3 + s**2 + s - 2. Let x(m) = 19*m**3 - 8*m**2 - 5*m + 2. Let c(k) = -4*r(k) - x(k). Determine c(-5).
-24
Let b(w) be the first derivative of 2*w + 3 + 1/3*w**3 + 3/2*w**2. Determine b(-3).
2
Let g(x) = -60*x - 75. Let k(j) = -5*j - 6. Let z(b) = -4*g(b) + 50*k(b). Give z(-1).
10
Let q(t) be the third derivative of t**7/1260 + t**6/360 - t**5/3 + 15*t**2. Let p(n) be the third derivative of q(n). Give p(2).
10
Suppose -339*h + 346*h = 70. Let l(u) = u**2 - 9*u - 8. Give l(h).
2
Let m(a) = -a. Let l(g) be the third derivative of 7*g**4/24 + g**3/3 - 11*g**2. Let u(j) = l(j) + 6*m(j). Give u(0).
2
Let i(f) = 9*f - 5. Let h(r) = -17*r + 9. Let s(d) = -6*h(d) - 11*i(d). Let m be (-4)/6*(-6 - -9). What is s(m)?
-5
Let v(i) = 8*i - 5. Let q(t) = -6*t + 7. Let b(n) = -6*q(n) - 5*v(n). What is b(-5)?
3
Let s(w) be the second derivative of w**5/20 + 5*w**4/12 - w**3/2 + 4*w**2 - 23*w. Calculate s(-6).
-10
Let z(y) = y**3 + 5*y**2 + 6*y + 2. Let d(o) = -o**3 + 4. Let w be d(2). What is z(w)?
-6
Let w(m) be the second derivative of m**3/2 + 45*m**2/2 + 6*m - 28. Determine w(-16).
-3
Let f(m) = m**3 + 8*m**2 - 3*m - 9. Let j be f(-8). Suppose -d - 4*d = -j. Suppose 2*t = 3*u - 3 - 1, -d*t + 1 = -u. Let g(s) = 5*s**2 - s. What is g(t)?
4
Let n(k) = k**2 + 2*k - 3.